
23
Suppose -2*t = -6*t + 120. List the prime factors of t.
2, 3, 5
Suppose 5*s - 119 = 4*k, -5*s + 2*k + 71 = -2*s. What are the prime factors of s?
23
Let t(v) = -4*v - 4. Let q(i) = -i. Let a(c) = -2*q(c) - t(c). Let y(o) = -o + 3. Let m be y(0). What are the prime factors of a(m)?
2, 11
Let u = -18 + 28. Suppose -u = -5*m + 75. What are the prime factors of m?
17
What are the prime factors of (11/(-22))/((-2)/80)?
2, 5
Suppose -7*h + 21 = -8*h. Let g = h + 37. What are the prime factors of g?
2
Suppose -2*d - 22 = -g - 7*d, -5*g = -4*d + 6. What are the prime factors of -1 + (g - 0 - -8)?
3
Suppose -4*j + 2*h + 71 = -225, 0 = 5*j + 2*h - 370. List the prime factors of j.
2, 37
Suppose -218 = 5*d - 6*d - y, -y = 4. List the prime factors of d.
2, 3, 37
Let a(m) = m**3 - 4*m**2 + m - 4. Let f be a(3). Let c = 16 + f. What are the prime factors of c?
2, 3
Let v be (-1)/(766/(-382) - -2). Suppose -2*t - 3*h = 97, 4*h + v = -4*t + h. Let z = t - -66. List the prime factors of z.
19
Suppose -8 = -5*o + 7. Suppose -n = o*n - 12. Suppose 4*x = 2*q + 34, 2*x - n*q - 7 = -0. List the prime factors of x.
11
Suppose -w = -4*g + 108, -3*w = -g + 22 + 16. Suppose -j - 3*s = -20, -4*s - g + 74 = 4*j. List the prime factors of j/(-12) + 35/3.
11
Suppose 2*l + x - 73 = 0, x - 116 = -3*l + 6*x. List the prime factors of l.
37
Let y = 13 + -23. Let q be y/5 - (-22 + -1). Suppose -5*f = -c - 0*f - 9, -4*c = -f - q. List the prime factors of c.
2, 3
Let j = 0 - -1. What are the prime factors of (22 - j) + -4 + 6?
23
Let c(t) = -t**2 - 21*t - 5. List the prime factors of c(-17).
3, 7
Let k(v) = -23*v - 9. Let o be k(-4). Suppose -5*p + 3*j + o = -32, -20 = -4*j. List the prime factors of p.
2, 13
Let w(g) = g + 18. Let q be w(-11). Let f(u) = u**3 - 8*u**2 + 9*u + 8. What are the prime factors of f(q)?
2, 11
Suppose 0 = -5*w - 0*w + 30. Suppose 0 = 2*r - 30 + w. List the prime factors of r.
2, 3
Suppose 3*z = -1 + 7. List the prime factors of 10*(z + -1 - 0).
2, 5
Let p be 2*(0 - 1)*-2. Suppose -p*d = -d. List the prime factors of 12 + 0 + d/2.
2, 3
Suppose -5*x + 369 + 86 = 4*u, u - 179 = -2*x. What are the prime factors of x?
3, 29
Let h be 0/(-6 - -3) + 5. Suppose u = -w + 14, 5*w + 58 = h*u - 2*u. What are the prime factors of u?
2
Let j(v) = v**2 - 4*v. Let o be j(5). Suppose -o*t = -3*n - 101, 5*n = -t + 2*n + 31. What are the prime factors of t?
2, 11
Let d be 1*1/2*4. Suppose -5*u + 3 = -l, -d*l + 5*u + 22 - 8 = 0. What are the prime factors of l/1 - 2/1?
3, 5
Suppose 3*i + 5*x = 15, 0 = 2*i + 2*i - 2*x + 6. Suppose -7*w - 6 = -3*w + 2*p, 3*w + 5*p + 22 = i. Let n = w + 1. List the prime factors of n.
2
Suppose 4*b = 3*x - 13, -20 - 2 = b + 3*x. Let m = 1 - -14. Let t = b + m. List the prime factors of t.
2
Let w(l) = l**3 - 8*l**2 - l + 10. Let b be w(8). Let y(p) = -4*p - 3*p**2 - p**2 + 2*p**b - 6 + 3*p**2. List the prime factors of y(7).
3, 5
Suppose -7*x + 3*x + 8 = 0. Suppose x*f + f = -o + 23, 2*o - 4 = 0. What are the prime factors of f?
7
Suppose 2*s - 46 = -5*w, -7*w + 32 = -4*w - s. What are the prime factors of w?
2, 5
Suppose -8 = -t - 0. What are the prime factors of t?
2
Suppose 5*d - 3*l - 396 = 0, 4*d - 87 = -2*l + 221. What are the prime factors of d?
2, 3, 13
Suppose -133 = -2*h + 3*g, -4*h + g + 277 = 6*g. List the prime factors of h.
2, 17
Suppose 0 = -2*x + 3*l - 39, 2*x + 3*x - 4*l = -87. Suppose -5*u = -133 + 13. List the prime factors of x/4*u/(-9).
2, 5
Suppose 5*a + 3 = 33. Suppose -6*j = -j. Let o = a - j. What are the prime factors of o?
2, 3
Let r = 19 - -8. List the prime factors of r.
3
Suppose 2*d - 46 + 268 = 2*w, 2*d = 4*w - 440. What are the prime factors of w?
109
Let n be -6 - -3 - (0 + -7). Suppose n*v - 6 = 70. What are the prime factors of v?
19
Suppose 0 = 5*c - 0*c + 100. Let u be (-136)/c - (-2)/10. Suppose 5*h = 2*o - 59, -54 = -2*o + u*h - 3*h. What are the prime factors of o?
17
Let z(r) be the first derivative of -r**2/2 + 3*r + 2. What are the prime factors of z(-3)?
2, 3
Suppose 5*m - 2*h - 108 = 0, 0 = m + 2*h - 11 - 1. What are the prime factors of m?
2, 5
Let w(d) = 16*d**2. Let j be w(-1). Let h be -6*(j/(-6))/4. Suppose -30 = 4*s - 10, h*r - s = 25. List the prime factors of r.
5
Let w(j) = 2*j + 7. Let x be w(6). Suppose l - 4*r - x = 0, -4*l + 4*r + 0*r = -16. List the prime factors of (-92)/(-8) + l/(-2).
2, 3
What are the prime factors of (-4)/18 - ((-6848)/36 + 1)?
3, 7
Let n(s) = -s**3 - 4*s**2 - 17*s - 3. Let p be n(12). Let v be (-2)/(-10) + p/(-45). Suppose -4*c = -0*c - 4*j - v, c - 8 = -2*j. List the prime factors of c.
2, 3
Suppose r - 2*v = -v + 39, 0 = 2*v + 8. Suppose 10 - r = -5*z. What are the prime factors of z?
5
Let r be (-30)/9*(-12)/8. Let t(f) = -8*f - 1. Let a(i) = i - 1. Let w(g) = -6*a(g) - t(g). What are the prime factors of w(r)?
17
Let i be 0/(-2 - 2) - -15. Suppose 0*f = f - i. What are the prime factors of f?
3, 5
What are the prime factors of 2/11 + 438/11?
2, 5
What are the prime factors of ((-102)/(-85))/(3/20)?
2
Let b(m) = 55*m + 42. What are the prime factors of b(6)?
2, 3, 31
Let o(m) = -m**3 - 2*m**2 - m + 1. What are the prime factors of o(-4)?
37
Suppose 4*c = 2*c. Suppose c = b + w - 6, 2*b = -5*w - 0 - 3. Suppose 5*q - 7 = -g - 23, -g = 4*q + b. List the prime factors of g.
3
Suppose -4*p = 4*m - 576, 6*p + 159 = m + 4*p. What are the prime factors of m?
149
Suppose i - 10 = -4*i. Let d be (-6)/(-3) - -2 - i. List the prime factors of (8/6)/(d/6).
2
What are the prime factors of ((6/(-5))/3)/((-3)/480)?
2
Let l(f) = f - 1. Let z be l(-7). Let r be 1/(-2) - 4/z. Suppose 20 = -4*h - r*h, -5*j + 4*h + 35 = 0. What are the prime factors of j?
3
Suppose -3*m = -5*f + 79, 3*f + 0*f - 47 = 2*m. Suppose -2*a = -3 - f. List the prime factors of a.
2, 5
Suppose 0*w = -10*w + 760. What are the prime factors of w?
2, 19
Let o = -194 + 438. What are the prime factors of o?
2, 61
Suppose -3*y - 4*k + 102 = 1, 4*k = 3*y - 61. What are the prime factors of y?
3
Let g = -41 + 321. What are the prime factors of g?
2, 5, 7
Suppose 0 = 2*m + 4, -4*b + 11 = -3*m - 623. List the prime factors of b.
157
Let u(p) = 3*p**2 + p + 3. What are the prime factors of u(5)?
83
Suppose -y + 44 = 3*s, 0*s = -y - 4*s + 46. Suppose -y = -4*n + 3*p, 2*p + 16 = 4*n - 24. List the prime factors of n.
11
Suppose -2*b - 2*b - 5 = -x, 0 = -x + 2*b + 7. What are the prime factors of x?
3
Let w(h) = -2*h - 6. Let u be w(-4). Suppose 0 = u*c - 30 - 14. What are the prime factors of c?
2, 11
Let h = -201 - -126. List the prime factors of ((-12)/(-15))/((-2)/h).
2, 3, 5
Let k(i) = 3*i - 5. Let p(a) = a**2 + 1. Let t be p(2). Let s = t - 1. List the prime factors of k(s).
7
Suppose -z = 5*j + 2, -z - 4*j - 1 = -0*z. Suppose 180 = 5*i + 5*g, -z*i - g - 6 = -114. What are the prime factors of i?
2, 3
Suppose -5*k + 0 + 5 = 0. Let z = 1 - k. Let i = 2 + z. List the prime factors of i.
2
Suppose -17 = -a + 1. List the prime factors of ((-1 - a) + -1)/(-2).
2, 5
Let l = 4 - 5. What are the prime factors of 2 + (-8)/l*1?
2, 5
Suppose 4*t - 5*t = 0. Suppose t*m = 2*m. Suppose m*y + 14 = 2*y. What are the prime factors of y?
7
Suppose -3*a + 35 = 5*g - 0*a, -5*a = 3*g - 21. What are the prime factors of g*(2 + -3)*-2?
2, 7
Suppose -2*o - 3*t - 35 = -14, 0 = -4*o + 5*t + 13. What are the prime factors of 2 - 1*(o - 0)?
5
Suppose -1 = -v + 3, -8 = 2*p + v. Let y be -6*(-1)/(p/16). What are the prime factors of (-62)/(-8) + (-4)/y?
2
Let y be (2 - (-1 + -1)) + 2. Let d(k) = 2*k + y - 2 - k**2 + k. List the prime factors of d(3).
2
What are the prime factors of (-2)/(-18) + (-11176)/(-99)?
113
Suppose 0*l + 4*l = 0. Suppose -2*h + 2*u = -10, 4*h = 6*h - 3*u - 10. Suppose 3*r = 4*j - 65, l = j - h*r - 16 - 13. What are the prime factors of j?
2, 7
Let k(b) = -10*b + 11*b - 6 + 3 - 15*b**2. Let z(i) = 16*i**2 - i + 4. Let s(o) = -4*k(o) - 3*z(o). What are the prime factors of s(-1)?
13
Suppose -10 = -4*t + 2*t - j, -5 = t - 2*j. Suppose -25 = -u + 4*x, -t*u - 5*x + 24 = -34. What are the prime factors of u?
3, 7
What are the prime factors of (-347)/(-3) + 8/24 - 3?
113
Suppose -2*g = -5*b + 1740, -121 = -5*b - 4*g + 1649. What are the prime factors of b?
2, 5, 7
Suppose -5*w + f + 317 = -f, -5*f = 3*w - 215. What